{"id":102,"date":"2021-11-27T00:27:29","date_gmt":"2021-11-26T23:27:29","guid":{"rendered":"http:\/\/frenchbrokers.fr\/?page_id=102"},"modified":"2022-03-20T00:07:53","modified_gmt":"2022-03-19T23:07:53","slug":"sciences-de-la-vie","status":"publish","type":"page","link":"https:\/\/frenchbrokers.fr\/?page_id=102","title":{"rendered":"Sciences de la vie"},"content":{"rendered":"\n<p><strong>Points d\u2019attention&nbsp;:<\/strong><\/p>\n\n\n\n<p>-la Responsabilit\u00e9 Civile M\u00e9dicale est difficile \u00e0 souscrire<\/p>\n\n\n\n<p>-peu de compagnies sp\u00e9cialistes du secteur (<a href=\"https:\/\/www.chubb.com\/fr-fr\/nos-produits\/science-de-la-vie.html\">Chubb<\/a>, <a href=\"https:\/\/www.cnahardy.com\/~\/media\/Files\/C\/CNA-Hardy\/documents\/document-library\/global\/france\/31716-cna-hardy-french-life-science-a5-insert-p1.pdf\">CNAHardy<\/a>, <a href=\"https:\/\/www.agcs.allianz.com\/solutions\/liability-insurance.html\">Allianz<\/a>, <a href=\"https:\/\/qbefrance.com\/produits\/sciences-de-la-vie\/\">QBE<\/a>, <a href=\"https:\/\/www.hdi.global\/fr-fr\/insurance\/sector-specific-and-combined-cover\/clinical-trials\/\">HDI<\/a>,..)<\/p>\n\n\n\n<p>-l\u2019assurance des essais cliniques est r\u00e9glement\u00e9e selon les pays<\/p>\n\n\n\n<p><strong>Notre plus&nbsp;:<\/strong><\/p>\n\n\n\n<p>-Nous assurons aussi bien des startups que des biotechs d\u00e9j\u00e0 list\u00e9es \u00e0 <a href=\"https:\/\/www.euronext.com\/fr\">Euronext<\/a> ou au <a href=\"https:\/\/www.nasdaq.com\/\">Nasdaq<\/a><\/p>\n\n\n\n<p><\/p>\n\n\n\n<p class=\"has-luminous-vivid-amber-background-color has-background\"><strong>Plus facile: Retrouvez-nous en video !<\/strong><\/p>\n\n\n\n<figure class=\"wp-block-video\"><video height=\"720\" style=\"aspect-ratio: 1280 \/ 720;\" width=\"1280\" controls src=\"https:\/\/frenchbrokers.fr\/wp-content\/uploads\/2022\/01\/sciences-de-la-vie-4.mp4\"><\/video><\/figure>\n\n\n\n<figure class=\"wp-block-video\"><video height=\"720\" style=\"aspect-ratio: 1280 \/ 720;\" width=\"1280\" controls src=\"https:\/\/frenchbrokers.fr\/wp-content\/uploads\/2022\/03\/Essais-cliniques.mp4\"><\/video><\/figure>\n\n\n\n<p class=\"has-luminous-vivid-amber-background-color has-background\"><strong><br><\/strong><\/p>\n","protected":false},"excerpt":{"rendered":"<p>Points d\u2019attention&nbsp;: -la Responsabilit\u00e9 Civile M\u00e9dicale est difficile \u00e0 souscrire -peu de compagnies sp\u00e9cialistes du secteur (Chubb, CNAHardy, Allianz, QBE, HDI,..) -l\u2019assurance des essais cliniques est r\u00e9glement\u00e9e selon les pays Notre plus&nbsp;: -Nous assurons aussi bien des startups que des biotechs d\u00e9j\u00e0 list\u00e9es \u00e0 Euronext ou au Nasdaq Plus facile: Retrouvez-nous en video !<\/p>\n","protected":false},"author":1,"featured_media":83,"parent":0,"menu_order":0,"comment_status":"closed","ping_status":"closed","template":"","meta":{"footnotes":""},"class_list":["post-102","page","type-page","status-publish","has-post-thumbnail","hentry"],"_links":{"self":[{"href":"https:\/\/frenchbrokers.fr\/index.php?rest_route=\/wp\/v2\/pages\/102","targetHints":{"allow":["GET"]}}],"collection":[{"href":"https:\/\/frenchbrokers.fr\/index.php?rest_route=\/wp\/v2\/pages"}],"about":[{"href":"https:\/\/frenchbrokers.fr\/index.php?rest_route=\/wp\/v2\/types\/page"}],"author":[{"embeddable":true,"href":"https:\/\/frenchbrokers.fr\/index.php?rest_route=\/wp\/v2\/users\/1"}],"replies":[{"embeddable":true,"href":"https:\/\/frenchbrokers.fr\/index.php?rest_route=%2Fwp%2Fv2%2Fcomments&post=102"}],"version-history":[{"count":10,"href":"https:\/\/frenchbrokers.fr\/index.php?rest_route=\/wp\/v2\/pages\/102\/revisions"}],"predecessor-version":[{"id":882,"href":"https:\/\/frenchbrokers.fr\/index.php?rest_route=\/wp\/v2\/pages\/102\/revisions\/882"}],"wp:featuredmedia":[{"embeddable":true,"href":"https:\/\/frenchbrokers.fr\/index.php?rest_route=\/wp\/v2\/media\/83"}],"wp:attachment":[{"href":"https:\/\/frenchbrokers.fr\/index.php?rest_route=%2Fwp%2Fv2%2Fmedia&parent=102"}],"curies":[{"name":"wp","href":"https:\/\/api.w.org\/{rel}","templated":true}]}}