{"id":182,"date":"2021-11-27T10:58:02","date_gmt":"2021-11-27T09:58:02","guid":{"rendered":"http:\/\/frenchbrokers.fr\/?page_id=182"},"modified":"2022-03-19T23:50:38","modified_gmt":"2022-03-19T22:50:38","slug":"rc-decennale","status":"publish","type":"page","link":"https:\/\/frenchbrokers.fr\/?page_id=182","title":{"rendered":"RC D\u00e9cennale"},"content":{"rendered":"\n<p><strong>Points d\u2019attention&nbsp;:<\/strong><\/p>\n\n\n\n<p>-d\u00e9finir avec pr\u00e9cision les m\u00e9tiers que l\u2019on entend assurer (par ex&nbsp;: menuiseries ext\u00e9rieures et\/ou int\u00e9rieures,..)<\/p>\n\n\n\n<p>-ma\u00eetriser sa sinistralit\u00e9 pour \u00eatre en position de force avec l\u2018assureur<\/p>\n\n\n\n<p>-disposer des comp\u00e9tences en interne (formation et\/ou exp\u00e9rience), de qualifications (<a href=\"https:\/\/www.qualibat.com\">Qualibat<\/a>, <a href=\"https:\/\/www.qualifelec.fr\">Qualifelec<\/a>,..)<\/p>\n\n\n\n<p>-avoir un taux de sous-traitance aval mod\u00e9r\u00e9<\/p>\n\n\n\n<p><strong>Notre plus&nbsp;:<\/strong><\/p>\n\n\n\n<p>-nous b\u00e2tissons aussi des polices d\u00e9cennales quand votre activit\u00e9 n\u2019est que partiellement soumise \u00e0 obligation d\u00e9cennale<\/p>\n\n\n\n<p><\/p>\n\n\n\n<p class=\"has-luminous-vivid-amber-background-color has-background\"><strong>Plus facile! Retrouvez-nous en video<\/strong><\/p>\n\n\n\n<figure class=\"wp-block-video\"><video height=\"720\" style=\"aspect-ratio: 1280 \/ 720;\" width=\"1280\" controls src=\"https:\/\/frenchbrokers.fr\/wp-content\/uploads\/2022\/03\/De\u0301cennale.mp4\"><\/video><\/figure>\n\n\n\n<figure class=\"wp-block-image size-medium\"><img loading=\"lazy\" decoding=\"async\" width=\"300\" height=\"200\" src=\"https:\/\/frenchbrokers.fr\/wp-content\/uploads\/2021\/11\/frenchbrokers-assurance-decennale-construction-300x200.jpg\" alt=\"ouvrier construction\" class=\"wp-image-183\" srcset=\"https:\/\/frenchbrokers.fr\/wp-content\/uploads\/2021\/11\/frenchbrokers-assurance-decennale-construction-300x200.jpg 300w, https:\/\/frenchbrokers.fr\/wp-content\/uploads\/2021\/11\/frenchbrokers-assurance-decennale-construction-1024x683.jpg 1024w, https:\/\/frenchbrokers.fr\/wp-content\/uploads\/2021\/11\/frenchbrokers-assurance-decennale-construction-768x512.jpg 768w, https:\/\/frenchbrokers.fr\/wp-content\/uploads\/2021\/11\/frenchbrokers-assurance-decennale-construction-1536x1024.jpg 1536w, https:\/\/frenchbrokers.fr\/wp-content\/uploads\/2021\/11\/frenchbrokers-assurance-decennale-construction-2048x1365.jpg 2048w\" sizes=\"auto, (max-width: 300px) 100vw, 300px\" \/><\/figure>\n","protected":false},"excerpt":{"rendered":"<p>Points d\u2019attention&nbsp;: -d\u00e9finir avec pr\u00e9cision les m\u00e9tiers que l\u2019on entend assurer (par ex&nbsp;: menuiseries ext\u00e9rieures et\/ou int\u00e9rieures,..) -ma\u00eetriser sa sinistralit\u00e9 pour \u00eatre en position de force avec l\u2018assureur -disposer des comp\u00e9tences en interne (formation et\/ou exp\u00e9rience), de qualifications (Qualibat, Qualifelec,..) -avoir un taux de sous-traitance aval mod\u00e9r\u00e9 Notre plus&nbsp;: -nous b\u00e2tissons aussi des polices d\u00e9cennales &hellip; <\/p>\n<p class=\"link-more\"><a href=\"https:\/\/frenchbrokers.fr\/?page_id=182\" class=\"more-link\">Continue reading<span class=\"screen-reader-text\"> &#8220;RC D\u00e9cennale&#8221;<\/span><\/a><\/p>\n","protected":false},"author":1,"featured_media":0,"parent":0,"menu_order":0,"comment_status":"closed","ping_status":"closed","template":"","meta":{"footnotes":""},"class_list":["post-182","page","type-page","status-publish","hentry"],"_links":{"self":[{"href":"https:\/\/frenchbrokers.fr\/index.php?rest_route=\/wp\/v2\/pages\/182","targetHints":{"allow":["GET"]}}],"collection":[{"href":"https:\/\/frenchbrokers.fr\/index.php?rest_route=\/wp\/v2\/pages"}],"about":[{"href":"https:\/\/frenchbrokers.fr\/index.php?rest_route=\/wp\/v2\/types\/page"}],"author":[{"embeddable":true,"href":"https:\/\/frenchbrokers.fr\/index.php?rest_route=\/wp\/v2\/users\/1"}],"replies":[{"embeddable":true,"href":"https:\/\/frenchbrokers.fr\/index.php?rest_route=%2Fwp%2Fv2%2Fcomments&post=182"}],"version-history":[{"count":6,"href":"https:\/\/frenchbrokers.fr\/index.php?rest_route=\/wp\/v2\/pages\/182\/revisions"}],"predecessor-version":[{"id":859,"href":"https:\/\/frenchbrokers.fr\/index.php?rest_route=\/wp\/v2\/pages\/182\/revisions\/859"}],"wp:attachment":[{"href":"https:\/\/frenchbrokers.fr\/index.php?rest_route=%2Fwp%2Fv2%2Fmedia&parent=182"}],"curies":[{"name":"wp","href":"https:\/\/api.w.org\/{rel}","templated":true}]}}