{"id":2,"date":"2021-10-08T00:19:21","date_gmt":"2021-10-07T22:19:21","guid":{"rendered":"http:\/\/frenchbrokers.fr\/?page_id=2"},"modified":"2021-12-14T08:43:32","modified_gmt":"2021-12-14T07:43:32","slug":"page-d-exemple","status":"publish","type":"page","link":"https:\/\/frenchbrokers.fr\/?page_id=2","title":{"rendered":"Nos solutions d&#8217;assurances"},"content":{"rendered":"\n<p><a href=\"https:\/\/frenchbrokers.fr\/?page_id=165\">Responsabilit\u00e9 civile<\/a><\/p>\n\n\n\n<p><a href=\"https:\/\/frenchbrokers.fr\/?page_id=170\">RC Environnement<\/a><\/p>\n\n\n\n<p><a href=\"https:\/\/frenchbrokers.fr\/?page_id=173\">Risque industriel<\/a><\/p>\n\n\n\n<p><a href=\"https:\/\/frenchbrokers.fr\/?page_id=179\">Bris de machines<\/a><\/p>\n\n\n\n<p><a href=\"https:\/\/frenchbrokers.fr\/?page_id=191\">Cyber risques<\/a><\/p>\n\n\n\n<p><a href=\"https:\/\/frenchbrokers.fr\/?page_id=176\">Perte d\u2019exploitation (PE)<\/a><\/p>\n\n\n\n<p><a href=\"https:\/\/frenchbrokers.fr\/?page_id=182\">RC d\u00e9cennale<\/a><\/p>\n\n\n\n<p><a href=\"https:\/\/frenchbrokers.fr\/?page_id=185\">Dommages-Ouvrage<\/a><\/p>\n\n\n\n<p><a href=\"https:\/\/frenchbrokers.fr\/?page_id=188\">Flottes de v\u00e9hicules<\/a><\/p>\n\n\n\n<p><a href=\"https:\/\/frenchbrokers.fr\/?page_id=194\">Marchandise transport\u00e9e<\/a><\/p>\n\n\n\n<p><a href=\"https:\/\/frenchbrokers.fr\/?page_id=197\">Ev\u00e8nementiel<\/a><\/p>\n\n\n\n<p><a href=\"https:\/\/frenchbrokers.fr\/?page_id=200\">Protection Sociale<\/a><\/p>\n\n\n\n<p><a href=\"https:\/\/frenchbrokers.fr\/?page_id=215\">Assurance emprunteur<\/a><\/p>\n\n\n\n<p><a href=\"https:\/\/frenchbrokers.fr\/?page_id=218\">Responsabilit\u00e9 du dirigeant<\/a><\/p>\n\n\n\n<p><a href=\"https:\/\/frenchbrokers.fr\/?page_id=221\">Homme cl\u00e9<\/a><\/p>\n\n\n\n<p><\/p>\n\n\n\n<figure class=\"wp-block-image size-large\"><img loading=\"lazy\" decoding=\"async\" width=\"1024\" height=\"683\" src=\"https:\/\/frenchbrokers.fr\/wp-content\/uploads\/2021\/10\/pexels-quang-nguyen-vinh-2138126-1024x683.jpg\" alt=\"\" class=\"wp-image-59\" srcset=\"https:\/\/frenchbrokers.fr\/wp-content\/uploads\/2021\/10\/pexels-quang-nguyen-vinh-2138126-1024x683.jpg 1024w, https:\/\/frenchbrokers.fr\/wp-content\/uploads\/2021\/10\/pexels-quang-nguyen-vinh-2138126-300x200.jpg 300w, https:\/\/frenchbrokers.fr\/wp-content\/uploads\/2021\/10\/pexels-quang-nguyen-vinh-2138126-768x512.jpg 768w, https:\/\/frenchbrokers.fr\/wp-content\/uploads\/2021\/10\/pexels-quang-nguyen-vinh-2138126-1536x1024.jpg 1536w, https:\/\/frenchbrokers.fr\/wp-content\/uploads\/2021\/10\/pexels-quang-nguyen-vinh-2138126-2048x1365.jpg 2048w\" sizes=\"auto, (max-width: 767px) 89vw, (max-width: 1000px) 54vw, (max-width: 1071px) 543px, 580px\" \/><\/figure>\n","protected":false},"excerpt":{"rendered":"<p>Responsabilit\u00e9 civile RC Environnement Risque industriel Bris de machines Cyber risques Perte d\u2019exploitation (PE) RC d\u00e9cennale Dommages-Ouvrage Flottes de v\u00e9hicules Marchandise transport\u00e9e Ev\u00e8nementiel Protection Sociale Assurance emprunteur Responsabilit\u00e9 du dirigeant Homme cl\u00e9<\/p>\n","protected":false},"author":1,"featured_media":0,"parent":0,"menu_order":0,"comment_status":"closed","ping_status":"open","template":"","meta":{"footnotes":""},"class_list":["post-2","page","type-page","status-publish","hentry"],"_links":{"self":[{"href":"https:\/\/frenchbrokers.fr\/index.php?rest_route=\/wp\/v2\/pages\/2","targetHints":{"allow":["GET"]}}],"collection":[{"href":"https:\/\/frenchbrokers.fr\/index.php?rest_route=\/wp\/v2\/pages"}],"about":[{"href":"https:\/\/frenchbrokers.fr\/index.php?rest_route=\/wp\/v2\/types\/page"}],"author":[{"embeddable":true,"href":"https:\/\/frenchbrokers.fr\/index.php?rest_route=\/wp\/v2\/users\/1"}],"replies":[{"embeddable":true,"href":"https:\/\/frenchbrokers.fr\/index.php?rest_route=%2Fwp%2Fv2%2Fcomments&post=2"}],"version-history":[{"count":7,"href":"https:\/\/frenchbrokers.fr\/index.php?rest_route=\/wp\/v2\/pages\/2\/revisions"}],"predecessor-version":[{"id":680,"href":"https:\/\/frenchbrokers.fr\/index.php?rest_route=\/wp\/v2\/pages\/2\/revisions\/680"}],"wp:attachment":[{"href":"https:\/\/frenchbrokers.fr\/index.php?rest_route=%2Fwp%2Fv2%2Fmedia&parent=2"}],"curies":[{"name":"wp","href":"https:\/\/api.w.org\/{rel}","templated":true}]}}